{"id":17,"date":"2016-03-15T15:03:54","date_gmt":"2016-03-15T14:03:54","guid":{"rendered":"http:\/\/s584598847.onlinehome.fr\/marchal-taxi\/?page_id=17"},"modified":"2022-04-01T15:39:45","modified_gmt":"2022-04-01T14:39:45","slug":"%d1%82%d1%80%d0%b0%d0%bd%d1%81%d1%84%d0%b5%d1%80%d1%8b-%d0%bd%d0%b0-%d0%b3%d0%be%d1%80%d0%bd%d0%be%d0%bb%d1%8b%d0%b6%d0%bd%d1%8b%d0%b5-%d0%ba%d1%83%d1%80%d0%be%d1%80%d1%82%d1%8b","status":"publish","type":"page","link":"https:\/\/www.m3t.fr\/russian\/%d1%82%d1%80%d0%b0%d0%bd%d1%81%d1%84%d0%b5%d1%80%d1%8b-%d0%bd%d0%b0-%d0%b3%d0%be%d1%80%d0%bd%d0%be%d0%bb%d1%8b%d0%b6%d0%bd%d1%8b%d0%b5-%d0%ba%d1%83%d1%80%d0%be%d1%80%d1%82%d1%8b\/","title":{"rendered":"\u0422\u0440\u0430\u043d\u0441\u0444\u0435\u0440\u044b \u043d\u0430 \u0433\u043e\u0440\u043d\u043e\u043b\u044b\u0436\u043d\u044b\u0435 \u043a\u0443\u0440\u043e\u0440\u0442\u044b"},"content":{"rendered":"<p>\u041c\u044b &#8211; \u0441\u043f\u0435\u0446\u0438\u0430\u043b\u0438\u0441\u0442\u044b \u043f\u043e \u0442\u0440\u0430\u043d\u0441\u0444\u0435\u0440\u0443 \u043c\u0435\u0436\u0434\u0443 \u0432\u043e\u043a\u0437\u0430\u043b\u0430\u043c\u0438 \u0438\u043b\u0438 \u0430\u044d\u0440\u043e\u043f\u043e\u0440\u0442\u0430\u043c\u0438 \u0438 \u0433\u043e\u0440\u043d\u043e\u043b\u044b\u0436\u043d\u044b\u043c\u0438 \u043a\u0443\u0440\u043e\u0440\u0442\u0430\u043c\u0438 3 \u0414\u043e\u043b\u0438\u043d \u0438\u043b\u0438 \u0413\u0440\u0430\u043d\u0434 \u0414\u043e\u043c\u0435\u043d. \u041d\u0430\u0448\u0438 \u0430\u0432\u0442\u043e\u043c\u043e\u0431\u0438\u043b\u0438 \u043e\u0431\u043e\u0440\u0443\u0434\u043e\u0432\u0430\u043d\u044b \u0434\u043b\u044f \u043f\u0435\u0440\u0435\u0432\u043e\u0437\u043a\u0438 \u043b\u044b\u0436 \u0438 \u0441\u043d\u043e\u0443\u0431\u043e\u0440\u0434\u043e\u0432, \u0430 \u0442\u0430\u043a\u0436\u0435 \u0434\u043b\u044f \u0432\u043e\u0436\u0434\u0435\u043d\u0438\u044f \u043f\u043e \u0437\u0430\u0441\u043d\u0435\u0436\u0435\u043d\u043d\u044b\u043c \u0434\u043e\u0440\u043e\u0433\u0430\u043c.<\/p>\n<p>\u0410\u044d\u0440\u043e\u043f\u043e\u0440\u0442\u044b \u0438 \u0432\u043e\u043a\u0437\u0430\u043b\u044b, \u043a\u043e\u0442\u043e\u0440\u044b\u0435 \u043c\u044b \u043e\u0431\u0441\u043b\u0443\u0436\u0438\u0432\u0430\u0435\u043c \u0447\u0430\u0449\u0435 \u0432\u0441\u0435\u0433\u043e:<\/p>\n<p><strong><span id=\"result_box\" class=\"short_text\" lang=\"ru\" tabindex=\"-1\"><span class=\"\">\u041e\u0431\u044b\u0447\u043d\u043e \u043e\u0431\u0441\u043b\u0443\u0436\u0438\u0432\u0430\u0435\u043c\u044b\u0435 \u0430\u044d\u0440\u043e\u043f\u043e\u0440\u0442\u044b \u0438 \u0441\u0442\u0430\u043d\u0446\u0438\u0438<\/span><\/span> :<\/strong><\/p>\n<p>\u2013 A\u00e9roport de Gen\u00e8ve<br \/>\n\u2013 A\u00e9roport de Chamb\u00e9ryA\u00e9roport de Lyon<br \/>\n\u2013 Gare de Chamb\u00e9ry \u2013 Challes les Eaux<br \/>\n\u2013 Gare de Montm\u00e9lian<br \/>\n\u2013 Gare de Saint Pierre d\u2019Albigny<br \/>\n\u2013 Gare de Gr\u00e9sy sur Is\u00e8re<br \/>\n\u2013 Gare de Frontenex<br \/>\n\u2013 Gare d\u2019Albertville<br \/>\n\u2013 Gare de Notre Dame de Brian\u00e7on \u2013 La L\u00e9ch\u00e8re<br \/>\n\u2013 Gare de Mo\u00fbtiers \u2013 Salins \u2013 Brides les Bains<\/p>\n<p><strong><span id=\"result_box\" class=\"short_text\" lang=\"ru\" tabindex=\"-1\">\u0422\u0435\u043a\u0443\u0449\u0438\u0435 \u0433\u043e\u0440\u043d\u043e\u043b\u044b\u0436\u043d\u044b\u0435 \u043a\u0443\u0440\u043e\u0440\u0442\u044b<\/span> :<\/strong><\/p>\n<p>\u2013 Brides les Bains<br \/>\n\u2013 Courchevel<br \/>\n\u2013 La Tania<br \/>\n\u2013 M\u00e9ribel<br \/>\n\u2013 Val Thorens<br \/>\n\u2013 Les M\u00e9nuires<br \/>\n\u2013 Saint Martin de Belleville<br \/>\n\u2013 Pralognan La Vanoise<br \/>\n\u2013 Champagny en Vanoise<br \/>\n\u2013 Valmorel<br \/>\n\u2013 Doucy-Combelouvi\u00e8re<br \/>\n\u2013 N\u00e2ves<\/p>\n<p>\u041d\u0430\u0448\u0438 \u0442\u0430\u043a\u0441\u0438 \u0442\u0430\u043a\u0436\u0435 \u043d\u0430\u0445\u043e\u0434\u044f\u0442\u0441\u044f \u0432 \u0432\u0430\u0448\u0435\u043c \u0440\u0430\u0441\u043f\u043e\u0440\u044f\u0436\u0435\u043d\u0438\u0438 \u0434\u043b\u044f \u0442\u0440\u0430\u043d\u0441\u0444\u0435\u0440\u043e\u0432 \u043c\u0435\u0436\u0434\u0443 \u0434\u0440\u0443\u0433\u0438\u043c\u0438 \u0430\u044d\u0440\u043e\u043f\u043e\u0440\u0442\u0430\u043c\u0438, \u0436\u0435\u043b\u0435\u0437\u043d\u043e\u0434\u043e\u0440\u043e\u0436\u043d\u044b\u043c\u0438 \u0441\u0442\u0430\u043d\u0446\u0438\u044f\u043c\u0438 \u0438 \u0433\u043e\u0440\u043d\u043e\u043b\u044b\u0436\u043d\u044b\u043c\u0438 \u043a\u0443\u0440\u043e\u0440\u0442\u0430\u043c\u0438, \u043f\u043e\u0436\u0430\u043b\u0443\u0439\u0441\u0442\u0430, \u043d\u0435 \u0441\u0442\u0435\u0441\u043d\u044f\u0439\u0442\u0435\u0441\u044c \u043e\u0431\u0440\u0430\u0449\u0430\u0442\u044c\u0441\u044f \u043a \u043d\u0430\u043c. <a href=\"https:\/\/www.m3t.fr\/russian\/reserver-taxi-savoie-brides-les-bains\/\">\u0441\u0432\u044f\u0436\u0438\u0442\u0435\u0441\u044c \u0441 \u043d\u0430\u043c\u0438 \u0434\u043b\u044f \u043f\u043e\u043b\u0443\u0447\u0435\u043d\u0438\u044f<\/a> !<\/p>\n","protected":false},"excerpt":{"rendered":"<p>\u041c\u044b &#8211; \u0441\u043f\u0435\u0446\u0438\u0430\u043b\u0438\u0441\u0442\u044b \u043f\u043e \u0442\u0440\u0430\u043d\u0441\u0444\u0435\u0440\u0443 \u043c\u0435\u0436\u0434\u0443 \u0432\u043e\u043a\u0437\u0430\u043b\u0430\u043c\u0438 \u0438\u043b\u0438 \u0430\u044d\u0440\u043e\u043f\u043e\u0440\u0442\u0430\u043c\u0438 \u0438 \u0433\u043e\u0440\u043d\u043e\u043b\u044b\u0436\u043d\u044b\u043c\u0438 \u043a\u0443\u0440\u043e\u0440\u0442\u0430\u043c\u0438 3 \u0414\u043e\u043b\u0438\u043d \u0438\u043b\u0438 \u0413\u0440\u0430\u043d\u0434 \u0414\u043e\u043c\u0435\u043d. \u041d\u0430\u0448\u0438 \u0430\u0432\u0442\u043e\u043c\u043e\u0431\u0438\u043b\u0438 \u043e\u0431\u043e\u0440\u0443\u0434\u043e\u0432\u0430\u043d\u044b \u0434\u043b\u044f \u043f\u0435\u0440\u0435\u0432\u043e\u0437\u043a\u0438 \u043b\u044b\u0436 \u0438 \u0441\u043d\u043e\u0443\u0431\u043e\u0440\u0434\u043e\u0432, \u0430 \u0442\u0430\u043a\u0436\u0435 \u0434\u043b\u044f \u0432\u043e\u0436\u0434\u0435\u043d\u0438\u044f \u043f\u043e \u0437\u0430\u0441\u043d\u0435\u0436\u0435\u043d\u043d\u044b\u043c \u0434\u043e\u0440\u043e\u0433\u0430\u043c. \u0410\u044d\u0440\u043e\u043f\u043e\u0440\u0442\u044b \u0438 \u0432\u043e\u043a\u0437\u0430\u043b\u044b, \u043a\u043e\u0442\u043e\u0440\u044b\u0435 \u043c\u044b \u043e\u0431\u0441\u043b\u0443\u0436\u0438\u0432\u0430\u0435\u043c \u0447\u0430\u0449\u0435 \u0432\u0441\u0435\u0433\u043e: &hellip; <a href=\"https:\/\/www.m3t.fr\/russian\/%d1%82%d1%80%d0%b0%d0%bd%d1%81%d1%84%d0%b5%d1%80%d1%8b-%d0%bd%d0%b0-%d0%b3%d0%be%d1%80%d0%bd%d0%be%d0%bb%d1%8b%d0%b6%d0%bd%d1%8b%d0%b5-%d0%ba%d1%83%d1%80%d0%be%d1%80%d1%82%d1%8b\/\">Continue reading <span class=\"meta-nav\">&rarr;<\/span><\/a><\/p>\n","protected":false},"author":1,"featured_media":0,"parent":0,"menu_order":0,"comment_status":"closed","ping_status":"closed","template":"","meta":[],"_links":{"self":[{"href":"https:\/\/www.m3t.fr\/russian\/wp-json\/wp\/v2\/pages\/17"}],"collection":[{"href":"https:\/\/www.m3t.fr\/russian\/wp-json\/wp\/v2\/pages"}],"about":[{"href":"https:\/\/www.m3t.fr\/russian\/wp-json\/wp\/v2\/types\/page"}],"author":[{"embeddable":true,"href":"https:\/\/www.m3t.fr\/russian\/wp-json\/wp\/v2\/users\/1"}],"replies":[{"embeddable":true,"href":"https:\/\/www.m3t.fr\/russian\/wp-json\/wp\/v2\/comments?post=17"}],"version-history":[{"count":19,"href":"https:\/\/www.m3t.fr\/russian\/wp-json\/wp\/v2\/pages\/17\/revisions"}],"predecessor-version":[{"id":414,"href":"https:\/\/www.m3t.fr\/russian\/wp-json\/wp\/v2\/pages\/17\/revisions\/414"}],"wp:attachment":[{"href":"https:\/\/www.m3t.fr\/russian\/wp-json\/wp\/v2\/media?parent=17"}],"curies":[{"name":"wp","href":"https:\/\/api.w.org\/{rel}","templated":true}]}}