{"id":15,"date":"2016-03-15T15:00:42","date_gmt":"2016-03-15T14:00:42","guid":{"rendered":"http:\/\/s584598847.onlinehome.fr\/marchal-taxi\/?page_id=15"},"modified":"2022-04-01T15:28:11","modified_gmt":"2022-04-01T14:28:11","slug":"%d1%82%d1%80%d0%b0%d0%bd%d1%81%d1%84%d0%b5%d1%80%d1%8b-%d0%bd%d0%b0-%d0%b2%d0%be%d0%ba%d0%b7%d0%b0%d0%bb-%d0%b8-%d0%b0%d1%8d%d1%80%d0%be%d0%bf%d0%be%d1%80%d1%82","status":"publish","type":"page","link":"https:\/\/www.m3t.fr\/russian\/%d1%82%d1%80%d0%b0%d0%bd%d1%81%d1%84%d0%b5%d1%80%d1%8b-%d0%bd%d0%b0-%d0%b2%d0%be%d0%ba%d0%b7%d0%b0%d0%bb-%d0%b8-%d0%b0%d1%8d%d1%80%d0%be%d0%bf%d0%be%d1%80%d1%82\/","title":{"rendered":"\u0422\u0440\u0430\u043d\u0441\u0444\u0435\u0440\u044b \u043d\u0430 \u0432\u043e\u043a\u0437\u0430\u043b \u0438 \u0430\u044d\u0440\u043e\u043f\u043e\u0440\u0442"},"content":{"rendered":"<p>Que vous soyez en d\u00e9placement touristique, personnel, ou professionnel, nos taxis sont \u00e0 votre service pour venir vous chercher ou vous mener dans de nombreuses gares ou a\u00e9roports.<\/p>\n<p><strong><span style=\"text-decoration: underline;\">A\u00e9roports et gares couramment desservies :<\/span><\/strong><\/p>\n<p>&#8211; A\u00e9roport de Gen\u00e8ve<br \/>\n&#8211; A\u00e9roport de Chamb\u00e9ry<br \/>\n&#8211; A\u00e9roport de Lyon<br \/>\n&#8211; Gare de Chamb\u00e9ry &#8211; Challes les Eaux<br \/>\n&#8211; Gare de Montm\u00e9lian<br \/>\n&#8211; Gare de Saint Pierre d&rsquo;Albigny<br \/>\n&#8211; Gare de Gr\u00e9sy sur Is\u00e8re<br \/>\n&#8211; Gare de Frontenex<br \/>\n&#8211; Gare d&rsquo;Albertville<br \/>\n&#8211; Gare de Notre Dame de Brian\u00e7on &#8211; La L\u00e9ch\u00e8re<br \/>\n&#8211; Gare de Mo\u00fbtiers &#8211; Salins &#8211; Brides les Bains<\/p>\n<p>\u0412 \u0442\u0443\u0440\u0438\u0441\u0442\u0438\u0447\u0435\u0441\u043a\u0438\u0445 \u043f\u043e\u0435\u0437\u0434\u043a\u0430\u0445, \u043d\u0430 \u043e\u0442\u0434\u044b\u0445\u0435 \u0438 \u0432 \u043a\u043e\u043c\u043c\u0430\u043d\u0434\u0438\u0440\u043e\u0432\u043a\u0430\u0445, \u043d\u0430\u0448\u0438 \u0442\u0430\u043a\u0441\u0438 \u0432\u0441\u0435\u0433\u0434\u0430 \u043a \u0412\u0430\u0448\u0438\u043c \u0443\u0441\u043b\u0443\u0433\u0430\u043c. \u041c\u044b \u043f\u0440\u0438\u0435\u0434\u0435\u043c \u0412\u0430\u0441 \u0432\u0441\u0442\u0440\u0435\u0442\u0438\u0442\u044c \u0438\u043b\u0438 \u043e\u0442\u0432\u0435\u0437\u0442\u0438 \u043d\u0430 \u0440\u0430\u0437\u043b\u0438\u0447\u043d\u044b\u0435 \u0432\u043e\u043a\u0437\u0430\u043b\u044b \u0438\u043b\u0438 \u0432 \u0430\u044d\u0440\u043e\u043f\u043e\u0440\u0442\u044b.<\/p>\n<p>\u041d\u0430\u0448\u0438 \u0442\u0430\u043a\u0441\u0438 \u0442\u0430\u043a\u0436\u0435 \u0432 \u0412\u0430\u0448\u0435\u043c \u0440\u0430\u0441\u043f\u043e\u0440\u044f\u0436\u0435\u043d\u0438\u0438 \u0434\u043b\u044f \u0442\u0440\u0430\u043d\u0441\u0444\u0435\u0440\u043e\u0432 \u0438\u0437 \u0438 \u0432 \u0434\u0440\u0443\u0433\u0438\u0435 \u0430\u044d\u0440\u043e\u043f\u043e\u0440\u0442\u044b \u0438 \u0432\u043e\u043a\u0437\u0430\u043b\u044b, \u0442\u0430\u043a \u0447\u0442\u043e \u0441\u0432\u044f\u0436\u0438\u0442\u0435\u0441\u044c \u0441 \u043d\u0430\u043c\u0438, <a href=\"https:\/\/www.m3t.fr\/russian\/reserver-taxi-savoie-brides-les-bains\/\">\u0447\u0442\u043e\u0431\u044b \u0443\u0437\u043d\u0430\u0442\u044c \u043e \u043d\u0430\u0448\u0438\u0445 \u0432\u043e\u0437\u043c\u043e\u0436\u043d\u043e\u0441\u0442\u044f\u0445!<\/a> !<\/p>\n","protected":false},"excerpt":{"rendered":"<p>Que vous soyez en d\u00e9placement touristique, personnel, ou professionnel, nos taxis sont \u00e0 votre service pour venir vous chercher ou vous mener dans de nombreuses gares ou a\u00e9roports. A\u00e9roports et gares couramment desservies : &#8211; A\u00e9roport de Gen\u00e8ve &#8211; A\u00e9roport &hellip; <a href=\"https:\/\/www.m3t.fr\/russian\/%d1%82%d1%80%d0%b0%d0%bd%d1%81%d1%84%d0%b5%d1%80%d1%8b-%d0%bd%d0%b0-%d0%b2%d0%be%d0%ba%d0%b7%d0%b0%d0%bb-%d0%b8-%d0%b0%d1%8d%d1%80%d0%be%d0%bf%d0%be%d1%80%d1%82\/\">Continue reading <span class=\"meta-nav\">&rarr;<\/span><\/a><\/p>\n","protected":false},"author":1,"featured_media":0,"parent":0,"menu_order":0,"comment_status":"closed","ping_status":"closed","template":"","meta":[],"_links":{"self":[{"href":"https:\/\/www.m3t.fr\/russian\/wp-json\/wp\/v2\/pages\/15"}],"collection":[{"href":"https:\/\/www.m3t.fr\/russian\/wp-json\/wp\/v2\/pages"}],"about":[{"href":"https:\/\/www.m3t.fr\/russian\/wp-json\/wp\/v2\/types\/page"}],"author":[{"embeddable":true,"href":"https:\/\/www.m3t.fr\/russian\/wp-json\/wp\/v2\/users\/1"}],"replies":[{"embeddable":true,"href":"https:\/\/www.m3t.fr\/russian\/wp-json\/wp\/v2\/comments?post=15"}],"version-history":[{"count":31,"href":"https:\/\/www.m3t.fr\/russian\/wp-json\/wp\/v2\/pages\/15\/revisions"}],"predecessor-version":[{"id":409,"href":"https:\/\/www.m3t.fr\/russian\/wp-json\/wp\/v2\/pages\/15\/revisions\/409"}],"wp:attachment":[{"href":"https:\/\/www.m3t.fr\/russian\/wp-json\/wp\/v2\/media?parent=15"}],"curies":[{"name":"wp","href":"https:\/\/api.w.org\/{rel}","templated":true}]}}